 5) in base 12?
-20b
Convert -422020 (base 5) to base 14.
-516a
-8082 (base 9) to base 15
-1b3b
Convert -ac (base 16) to base 5.
-1142
What is 287 (base 12) in base 2?
110000111
-3451 (base 6) to base 9
-1114
Convert -1139 (base 10) to base 5.
-14024
Convert 662 (base 8) to base 5.
3214
-10980 (base 11) to base 4
-3313022
Convert 1212110101 (base 3) to base 2.
1000111110110000
What is 3121 (base 9) in base 6?
14331
Convert -17c (base 15) to base 5.
-2332
Convert 2303131 (base 5) to base 6.
514001
What is 54 (base 13) in base 9?
76
21709 (base 10) to base 12
10691
Convert 2123020 (base 4) to base 9.
14551
Convert e44 (base 15) to base 8.
6216
1414 (base 8) to base 9
1056
340 (base 11) to base 12
29b
-274 (base 16) to base 13
-394
Convert -a762 (base 11) to base 14.
-5281
What is -41341 (base 9) in base 7?
-142312
What is 287 (base 9) in base 2?
11110001
375 (base 8) to base 13
166
Convert -120022 (base 4) to base 6.
-11054
What is 133 (base 14) in base 9?
287
24 (base 9) to base 7
31
200000 (base 3) to base 6
2130
1011100110 (base 2) to base 4
23212
101321 (base 4) to base 13
6a1
Convert 7a17 (base 14) to base 3.
1002001210
Convert -1332101 (base 4) to base 12.
-4815
-305211 (base 7) to base 16
-cc12
592 (base 11) to base 10
706
-ba2 (base 12) to base 6
-11522
Convert 133 (base 15) to base 2.
100010001
What is 134 (base 11) in base 15?
a8
What is 100010110 (base 2) in base 13?
185
Convert 212222 (base 3) to base 10.
647
-7a6 (base 14) to base 10
-1518
-18932 (base 10) to base 13
-8804
What is -14a (base 15) in base 8?
-447
-1b927 (base 15) to base 12
-43b84
What is 448 (base 14) in base 8?
1520
-11023032 (base 4) to base 7
-115542
What is -2851 (base 15) in base 5?
-234001
Convert -200 (base 11) to base 7.
-464
What is -1110001010011 (base 2) in base 5?
-213001
Convert -10021120110 (base 3) to base 2.
-1111110000111001
What is 47956 (base 10) in base 16?
bb54
What is 1120330 (base 5) in base 16?
4e7a
What is 129c (base 13) in base 12?
1660
What is bd8 (base 16) in base 5?
44112
Convert -18 (base 10) to base 12.
-16
b412 (base 12) to base 2
100110010001110
Convert -10702 (base 8) to base 16.
-11c2
What is 61c (base 13) in base 5?
13124
-4022310 (base 5) to base 12
-31100
10000000111 (base 2) to base 10
1031
What is 102d (base 16) in base 6?
31101
-327 (base 16) to base 10
-807
What is -1121101 (base 4) in base 2?
-1011001010001
Convert 101224 (base 5) to base 15.
eae
2148 (base 10) to base 13
c93
Convert -11000010100001 (base 2) to base 15.
-3a4e
Convert -1011101101 (base 2) to base 7.
-2120
What is 499 (base 12) in base 7?
2010
What is -406 (base 7) in base 11?
-174
-29a27 (base 12) to base 5
-3332440
-25525 (base 7) to base 5
-204111
-4b2c (base 13) to base 7
-43103
-86 (base 12) to base 4
-1212
What is -173 (base 14) in base 10?
-297
What is -148 (base 16) in base 2?
-101001000
-202202 (base 3) to base 14
-2c0
1110100101111 (base 2) to base 15
2331
Convert 1dbc (base 14) to base 9.
7434
What is -123120 (base 4) in base 12?
-1020
2b2 (base 16) to base 2
1010110010
What is -1247 (base 14) in base 12?
-1a27
-3341 (base 7) to base 5
-14310
b93 (base 16) to base 15
d28
2786 (base 10) to base 16
ae2
What is 2452 (base 7) in base 15?
414
Convert -11001101 (base 2) to base 13.
-12a
Convert 22021200 (base 3) to base 6.
43543
What is -330232 (base 4) in base 3?
-12022221
Convert -20123 (base 7) to base 6.
-34312
What is 15371 (base 10) in base 16?
3c0b
650 (base 9) to base 16
213
-1757 (base 8) to base 7
-2636
Convert 4b2 (base 15) to base 16.
42b
What is -577 (base 13) in base 8?
-1657
What is -434204 (base 5) in base 14?
-5625
Convert 78 (base 15) to base 7.
221
19680 (base 11) to base 15
81de
What is -421232 (base 5) in base 7?
-55435
What is -43b7 (base 15) in base 11?
-a863
What is 262a (base 15) in base 2?
1111111001100
Convert 3619 (base 14) to base 5.
300211
Convert 12242 (base 5) to base 7.
2522
-83 (base 13) to base 8
-153
What is 12022 (base 5) in base 14?
475
Convert 301 (base 10) to base 7.
610
-624 (base 10) to base 7
-1551
-419 (base 13) to base 12
-4a2
20441 (base 6) to base 11
2090
2335 (base 8) to base 4
103131
Convert -1c7a (base 13) to base 4.
-1003212
222220 (base 3) to base 7
2055
What is -10123 (base 4) in base 13?
-18a
What is -34026 (base 10) in base 9?
-51606
What is 775 (base 14) in base 5?
21400
What is -7a2 (base 12) in base 7?
-3203
-111110 (base 2) to base 15
-42
-1110110 (base 2) to base 6
-314
What is 16e (base 15) in base 4?
11021
Convert 19602 (base 10) to base 5.
1111402
Convert 3707 (base 14) to base 10.
9611
17262 (base 9) to base 12
6a62
18e (base 15) to base 16
167
What is 15 (base 9) in base 14?
10
-20202222 (base 3) to base 16
-134c
Convert 91 (base 14) to base 16.
7f
-2011313 (base 4) to base 7
-33656
What is 21c9 (base 14) in base 7?
23042
What is 3663 (base 14) in base 11?
7152
-1060 (base 8) to base 10
-560
-25143 (base 6) to base 8
-7227
Convert -100514 (base 6) to base 7.
-32140
Convert -25023 (base 8) to base 6.
-121511
Convert 1343 (base 11) to base 6.
12021
1121123 (base 4) to base 3
21211222
Convert -50551 (base 6) to base 11.
-5033
39c4 (base 13) to base 9
12311
-1a831 (base 13) to base 5
-3130143
1363 (base 9) to base 10
1029
Convert -1636 (base 15) to base 8.
-11250
Convert 18259 (base 10) to base 15.
5624
891 (base 13) to base 4
112332
-10001110 (base 2) to base 8
-216
1302 (base 7) to base 2
111101100
120101 (base 4) to base 12
a95
11167 (base 8) to base 16
1277
What is 6350 (base 12) in base 11?
8183
Convert 2051 (base 8) to base 9.
1413
-15214 (base 7) to base 2
-1000010000001
What is -d27 (base 16) in base 9?
-4551
Convert -250 (base 14) to base 9.
-563
-122121002 (base 3) to base 10
-12827
5c (base 14) to base 16
52
What is 4612 (base 10) in base 16?
1204
What is 563 (base 9) in base 15?
20c
What is 10323 (base 5) in base 14?
38d
What is -1a24 (base 13) in base 9?
-5332
Convert -101314 (base 5) to base 16.
-d06
-154 (base 10) to base 14
-b0
Convert -101000010 (base 2) to base 5.
-2242
-1222 (base 13) to base 7
-10321
-100112000 (base 3) to base 5
-210224
Convert 3141 (base 6) to base 10.
709
1101000110110000 (base 2) to base 12
27094
What is 622c (base 15) in base 6?
240010
1100100111 (base 2) to base 15
38c
What is 10101010110 (base 2) in base 14?
6d8
-11201111 (base 3) to base 10
-3442
Convert -14550 (base 6) to base 14.
-c14
Convert 5711 (base 10) to base 11.
4322
-193 (base 12) to base 7
-513
11221 (base 5) to base 15
391
1001120002 (base 3) to base 15
627e
5a25 (base 13) to base 5
401311
Convert 15640 (base 8) to base 5.
211242
Convert 1947 (base 13) to base 10.
3777
What is -23250 (base 6) in base 12?
-1b26
156242 (base 7) to base 2
111100100010110
What is -263a4 (base 11) in base 9?
-56688
-189 (base 13) to base 16
-11a
4140 (base 5) to base 13
32c
Convert -3233 (base 4) to base 14.
-131
Convert 33a7 (base 13) to base 9.
10828
Convert 34707 (base 9) to base 7.
124363
a23 (base 11) to base 13
740
Convert -30508 (base 9) to base 16.
-4e80
What is 108 (base 13) in base 10?
177
What is -41e (base 16) in base 11?
-879
What is 2552 (base 12) in base 2?
1000010001110
What is 1212 (base 5) in base 16?
b6
What is -298 (base 13) in base 14?
-251
104110 (base 5) to base 11
2823
What is 100011001110 (base 2) in base 3?
10002111
What is 2110 (base 11) in base 5?
42134
Convert -83e (base 15) to base 5.
-24414
What is 1122332 (base 4) in base 2?
1011010111110
What is -653 (base 10) in base 6?
-3005
Convert 201000010 (base 3) to base 10.
13854
3312210 (base 4) to base 5
1001110
What is -132131 (base 4) in base 14?
-9d3
Convert -617 (base 10) to base 7.
-1541
Convert 15ba (base 14) to base 12.
2300
Convert 5604 (base 7) to base 3.
2202120
What is -950 (base 10) in base 16?
-3b6
Convert -42948 (base 10) to base 15.
-cad3
-37414 (base 10) to base 5
-2144124
836 (base 11) to base 5
13012
What is -34312 (base 8) in base 3?
-201221110
Convert -4301 (base 7) to base 5.
-22040
What is -3662 (base 9) in base 6?
-20345
Convert -2710 (base 8) to base 15.
-68a
What is -1010011 (base 2) in base 15?
-58
24277 (base 10) to base 4
11323111
What is -10000000010101 (base 2) in base 10?
-8213
What is 12220 (base 5) in base 4?
32213
-3005 (base 10) to base 5
-44010
-21f (base 16) to base 4
-20133
Convert -365 (base 